{"id":4912,"date":"2024-12-03T14:31:15","date_gmt":"2024-12-03T14:31:15","guid":{"rendered":"https:\/\/instinctresources.com.ng\/?page_id=4912"},"modified":"2024-12-10T18:48:48","modified_gmt":"2024-12-10T18:48:48","slug":"chukwudi-oracle-nwala","status":"publish","type":"page","link":"https:\/\/instinctresources.com.ng\/?page_id=4912","title":{"rendered":"CHUKWUDI ORACLE NWALA"},"content":{"rendered":"\t\t<div data-elementor-type=\"wp-page\" data-elementor-id=\"4912\" class=\"elementor elementor-4912\">\n\t\t\t\t\t\t\t        <section class=\"elementor-section elementor-top-section elementor-element elementor-element-9cdd24d elementor-section-stretched elementor-section-boxed elementor-section-height-default elementor-section-height-default ct-header-fixed-none ct-row-max-none\" data-id=\"9cdd24d\" data-element_type=\"section\" data-settings=\"{&quot;stretch_section&quot;:&quot;section-stretched&quot;}\">\n            \n                        <div class=\"elementor-container elementor-column-gap-extended \">\n                    <div class=\"elementor-column elementor-col-100 elementor-top-column elementor-element elementor-element-12ac794\" data-id=\"12ac794\" data-element_type=\"column\">\n            <div class=\"elementor-widget-wrap elementor-element-populated\">\n                        \t\t<div class=\"elementor-element elementor-element-a162e5e elementor-widget elementor-widget-ct_heading\" data-id=\"a162e5e\" data-element_type=\"widget\" data-widget_type=\"ct_heading.default\">\n\t\t\t\t<div class=\"elementor-widget-container\">\n\t\t\t<div id=\"ct_heading-a162e5e\" class=\"ct-heading h-align- sub-style1 ct-heading-left item-st-default\">\r\n\t<div class=\"ct-item--inner\">\r\n        <div class=\"ct-inline-css\"  data-css=\"\r\n            \">\r\n        <\/div>\r\n                <h5 class=\"item--title st-default case-animate-time\" data-wow-delay=\"ms\">\r\n                        <span class=\"sp-main\">\r\n                \r\n                CHUKWUDI ORACLE NWALA, ESQ. MNI\r\n                \r\n                            <\/span>\r\n                    <\/h5>\r\n    <\/div>\r\n<\/div>\t\t<\/div>\n\t\t\t\t<\/div>\n\t\t            <\/div>\n        <\/div>\n                            <\/div>\n        <\/section>\n                <section class=\"elementor-section elementor-top-section elementor-element elementor-element-f277cc1 elementor-section-stretched elementor-section-boxed elementor-section-height-default elementor-section-height-default ct-header-fixed-none ct-row-max-none\" data-id=\"f277cc1\" data-element_type=\"section\" data-settings=\"{&quot;stretch_section&quot;:&quot;section-stretched&quot;}\">\n            \n                        <div class=\"elementor-container elementor-column-gap-extended \">\n                    <div class=\"elementor-column elementor-col-50 elementor-top-column elementor-element elementor-element-ad38eef\" data-id=\"ad38eef\" data-element_type=\"column\">\n            <div class=\"elementor-widget-wrap elementor-element-populated\">\n                        \t\t<div class=\"elementor-element elementor-element-78b982c elementor-widget elementor-widget-image\" data-id=\"78b982c\" data-element_type=\"widget\" data-widget_type=\"image.default\">\n\t\t\t\t<div class=\"elementor-widget-container\">\n\t\t\t<style>\/*! elementor - v3.18.0 - 20-12-2023 *\/\n.elementor-widget-image{text-align:center}.elementor-widget-image a{display:inline-block}.elementor-widget-image a img[src$=\".svg\"]{width:48px}.elementor-widget-image img{vertical-align:middle;display:inline-block}<\/style>\t\t\t\t\t\t\t\t\t\t\t\t<img fetchpriority=\"high\" decoding=\"async\" width=\"644\" height=\"434\" src=\"https:\/\/instinctresources.com.ng\/wp-content\/uploads\/2024\/12\/Dr.-Oracle.png\" class=\"attachment-full size-full wp-image-5331\" alt=\"\" srcset=\"https:\/\/instinctresources.com.ng\/wp-content\/uploads\/2024\/12\/Dr.-Oracle.png 644w, https:\/\/instinctresources.com.ng\/wp-content\/uploads\/2024\/12\/Dr.-Oracle-300x202.png 300w, https:\/\/instinctresources.com.ng\/wp-content\/uploads\/2024\/12\/Dr.-Oracle-600x404.png 600w\" sizes=\"(max-width: 644px) 100vw, 644px\" \/>\t\t\t\t\t\t\t\t\t\t\t\t\t\t\t<\/div>\n\t\t\t\t<\/div>\n\t\t            <\/div>\n        <\/div>\n                <div class=\"elementor-column elementor-col-50 elementor-top-column elementor-element elementor-element-a8508ec\" data-id=\"a8508ec\" data-element_type=\"column\">\n            <div class=\"elementor-widget-wrap elementor-element-populated\">\n                                <section class=\"elementor-section elementor-inner-section elementor-element elementor-element-fe236a5 elementor-section-boxed elementor-section-height-default elementor-section-height-default ct-header-fixed-none ct-row-max-none\" data-id=\"fe236a5\" data-element_type=\"section\">\n            \n                        <div class=\"elementor-container elementor-column-gap-extended \">\n                    <div class=\"elementor-column elementor-col-100 elementor-inner-column elementor-element elementor-element-b43da5c\" data-id=\"b43da5c\" data-element_type=\"column\">\n            <div class=\"elementor-widget-wrap elementor-element-populated\">\n                        \t\t<div class=\"elementor-element elementor-element-0f35948 elementor-widget elementor-widget-text-editor\" data-id=\"0f35948\" data-element_type=\"widget\" data-widget_type=\"text-editor.default\">\n\t\t\t\t<div class=\"elementor-widget-container\">\n\t\t\t<style>\/*! elementor - v3.18.0 - 20-12-2023 *\/\n.elementor-widget-text-editor.elementor-drop-cap-view-stacked .elementor-drop-cap{background-color:#69727d;color:#fff}.elementor-widget-text-editor.elementor-drop-cap-view-framed .elementor-drop-cap{color:#69727d;border:3px solid;background-color:transparent}.elementor-widget-text-editor:not(.elementor-drop-cap-view-default) .elementor-drop-cap{margin-top:8px}.elementor-widget-text-editor:not(.elementor-drop-cap-view-default) .elementor-drop-cap-letter{width:1em;height:1em}.elementor-widget-text-editor .elementor-drop-cap{float:left;text-align:center;line-height:1;font-size:50px}.elementor-widget-text-editor .elementor-drop-cap-letter{display:inline-block}<\/style>\t\t\t\t<p>Chukwudi Oracle Nwala Esq. is a Solicitor and Advocate of the Supreme Court of Nigeria and Notary Public for Nigeria practicing in the city of Abuja for about twenty years. He is the consulting partner of Oracle and Company Law Syndicates, a leading law firm that is highly involved in commercial litigation, arbitration law, project finance law, energy law statutory and regulatory reforms as well as strategy process development. attended the famous University of Nigeria, Nsukka, where he obtained a degree in Law (LL. B). He thereafter proceeded to the Nigerian Law School leading to his call to the Nigerian Bar. He again progressed to the prestigious Suffolk University Law School, Boston, MA, USA where he got a master\u2019s degree (LL.M) in law.<\/p><p><br \/>Oracle did extensive part of his studies also at E\u00f6tv\u00f6s Lor\u00e1nd University, Faculty of Law, Budapest, Hungary. Oracle also has a master\u2019s degree in Leadership and Strategic Studies from the Nigeria Defense Academy, Kaduna and is now a Research and Doctorate Scholar in Leadership and Strategic Studies at the Nigerian Defence Academy, Kaduna and a certified Trainer from Centre for Management Development.<\/p>\t\t\t\t\t\t<\/div>\n\t\t\t\t<\/div>\n\t\t            <\/div>\n        <\/div>\n                            <\/div>\n        <\/section>\n                    <\/div>\n        <\/div>\n                            <\/div>\n        <\/section>\n        \t\t\t\t\t<\/div>\n\t\t","protected":false},"excerpt":{"rendered":"<p>CHUKWUDI ORACLE NWALA, ESQ. MNI Chukwudi Oracle Nwala Esq. is a Solicitor and Advocate of the Supreme Court of Nigeria and Notary Public for Nigeria practicing in the city of Abuja for about twenty years. He is the consulting partner of Oracle and Company Law Syndicates, a leading law firm that is highly involved in [&hellip;]<\/p>\n","protected":false},"author":1,"featured_media":0,"parent":0,"menu_order":0,"comment_status":"closed","ping_status":"closed","template":"","meta":{"footnotes":""},"class_list":["post-4912","page","type-page","status-publish","hentry"],"_links":{"self":[{"href":"https:\/\/instinctresources.com.ng\/index.php?rest_route=\/wp\/v2\/pages\/4912","targetHints":{"allow":["GET"]}}],"collection":[{"href":"https:\/\/instinctresources.com.ng\/index.php?rest_route=\/wp\/v2\/pages"}],"about":[{"href":"https:\/\/instinctresources.com.ng\/index.php?rest_route=\/wp\/v2\/types\/page"}],"author":[{"embeddable":true,"href":"https:\/\/instinctresources.com.ng\/index.php?rest_route=\/wp\/v2\/users\/1"}],"replies":[{"embeddable":true,"href":"https:\/\/instinctresources.com.ng\/index.php?rest_route=%2Fwp%2Fv2%2Fcomments&post=4912"}],"version-history":[{"count":10,"href":"https:\/\/instinctresources.com.ng\/index.php?rest_route=\/wp\/v2\/pages\/4912\/revisions"}],"predecessor-version":[{"id":5356,"href":"https:\/\/instinctresources.com.ng\/index.php?rest_route=\/wp\/v2\/pages\/4912\/revisions\/5356"}],"wp:attachment":[{"href":"https:\/\/instinctresources.com.ng\/index.php?rest_route=%2Fwp%2Fv2%2Fmedia&parent=4912"}],"curies":[{"name":"wp","href":"https:\/\/api.w.org\/{rel}","templated":true}]}}